{"id":40,"date":"2018-11-14T09:53:47","date_gmt":"2018-11-14T08:53:47","guid":{"rendered":"https:\/\/www.kontrowersjewpediatrii.pl\/2021\/?page_id=40"},"modified":"2021-02-08T00:11:13","modified_gmt":"2021-02-07T23:11:13","slug":"program-konferencji","status":"publish","type":"page","link":"https:\/\/www.kontrowersjewpediatrii.pl\/2021\/program-konferencji\/","title":{"rendered":"Program konferencji"},"content":{"rendered":"<p style=\"text-align: center;\"><strong><em>Transmisja &#8222;na \u017cywo&#8221;: 5.02.2021. R<\/em><\/strong><strong><em>etransmisja: 6-7.02.2021<\/em><\/strong><\/p>\r\n","protected":false},"excerpt":{"rendered":"<p>Transmisja &#8222;na \u017cywo&#8221;: 5.02.2021. Retransmisja: 6-7.02.2021<\/p>\n","protected":false},"author":1,"featured_media":0,"parent":0,"menu_order":0,"comment_status":"closed","ping_status":"closed","template":"template_page.php","meta":[],"acf":[],"yoast_head":"<!-- This site is optimized with the Yoast SEO plugin v17.7 - https:\/\/yoast.com\/wordpress\/plugins\/seo\/ -->\n<meta name=\"description\" content=\"Najnowsze doniesienia naukowe i kontrowersyjne tematy dot. leczenia dzieci - to wszystko podczas konferencji dla pediatr\u00f3w i specjalist\u00f3w medycyny rodzinnej. Transmisja z Krakowa w pi\u0105tek 5 lutego 2021 r.\" \/>\n<meta name=\"robots\" content=\"index, follow, max-snippet:-1, max-image-preview:large, max-video-preview:-1\" \/>\n<link rel=\"canonical\" href=\"https:\/\/www.kontrowersjewpediatrii.pl\/2021\/program-konferencji\/\" \/>\n<meta property=\"og:locale\" content=\"pl_PL\" \/>\n<meta property=\"og:type\" content=\"article\" \/>\n<meta property=\"og:title\" content=\"Program konferencji | Kontrowersje w pediatrii\" \/>\n<meta property=\"og:description\" content=\"Najnowsze doniesienia naukowe i kontrowersyjne tematy dot. leczenia dzieci - to wszystko podczas konferencji dla pediatr\u00f3w i specjalist\u00f3w medycyny rodzinnej. Transmisja z Krakowa w pi\u0105tek 5 lutego 2021 r.\" \/>\n<meta property=\"og:url\" content=\"https:\/\/www.kontrowersjewpediatrii.pl\/2021\/program-konferencji\/\" \/>\n<meta property=\"og:site_name\" content=\"Kontrowersje w pediatrii\" \/>\n<meta property=\"article:modified_time\" content=\"2021-02-07T23:11:13+00:00\" \/>\n<meta name=\"twitter:card\" content=\"summary_large_image\" \/>\n<meta name=\"twitter:label1\" content=\"Szacowany czas czytania\" \/>\n\t<meta name=\"twitter:data1\" content=\"1 minuta\" \/>\n<script type=\"application\/ld+json\" class=\"yoast-schema-graph\">{\"@context\":\"https:\/\/schema.org\",\"@graph\":[{\"@type\":\"Organization\",\"@id\":\"https:\/\/www.kontrowersjewpediatrii.pl\/2021\/#organization\",\"name\":\"Kontrowersje w Pediatrii\",\"url\":\"https:\/\/www.kontrowersjewpediatrii.pl\/2021\/\",\"sameAs\":[],\"logo\":{\"@type\":\"ImageObject\",\"@id\":\"https:\/\/www.kontrowersjewpediatrii.pl\/2021\/#logo\",\"inLanguage\":\"pl-PL\",\"url\":\"https:\/\/www.kontrowersjewpediatrii.pl\/2021\/wp-content\/uploads\/2019\/09\/logo.jpg\",\"contentUrl\":\"https:\/\/www.kontrowersjewpediatrii.pl\/2021\/wp-content\/uploads\/2019\/09\/logo.jpg\",\"width\":512,\"height\":512,\"caption\":\"Kontrowersje w Pediatrii\"},\"image\":{\"@id\":\"https:\/\/www.kontrowersjewpediatrii.pl\/2021\/#logo\"}},{\"@type\":\"WebSite\",\"@id\":\"https:\/\/www.kontrowersjewpediatrii.pl\/2021\/#website\",\"url\":\"https:\/\/www.kontrowersjewpediatrii.pl\/2021\/\",\"name\":\"Kontrowersje w pediatrii\",\"description\":\"XIII Konferencja dla Pediatr\\u00f3w\",\"publisher\":{\"@id\":\"https:\/\/www.kontrowersjewpediatrii.pl\/2021\/#organization\"},\"potentialAction\":[{\"@type\":\"SearchAction\",\"target\":{\"@type\":\"EntryPoint\",\"urlTemplate\":\"https:\/\/www.kontrowersjewpediatrii.pl\/2021\/?s={search_term_string}\"},\"query-input\":\"required name=search_term_string\"}],\"inLanguage\":\"pl-PL\"},{\"@type\":\"WebPage\",\"@id\":\"https:\/\/www.kontrowersjewpediatrii.pl\/2021\/program-konferencji\/#webpage\",\"url\":\"https:\/\/www.kontrowersjewpediatrii.pl\/2021\/program-konferencji\/\",\"name\":\"Program konferencji | Kontrowersje w pediatrii\",\"isPartOf\":{\"@id\":\"https:\/\/www.kontrowersjewpediatrii.pl\/2021\/#website\"},\"datePublished\":\"2018-11-14T08:53:47+00:00\",\"dateModified\":\"2021-02-07T23:11:13+00:00\",\"description\":\"Najnowsze doniesienia naukowe i kontrowersyjne tematy dot. leczenia dzieci - to wszystko podczas konferencji dla pediatr\\u00f3w i specjalist\\u00f3w medycyny rodzinnej. Transmisja z Krakowa w pi\\u0105tek 5 lutego 2021 r.\",\"breadcrumb\":{\"@id\":\"https:\/\/www.kontrowersjewpediatrii.pl\/2021\/program-konferencji\/#breadcrumb\"},\"inLanguage\":\"pl-PL\",\"potentialAction\":[{\"@type\":\"ReadAction\",\"target\":[\"https:\/\/www.kontrowersjewpediatrii.pl\/2021\/program-konferencji\/\"]}]},{\"@type\":\"BreadcrumbList\",\"@id\":\"https:\/\/www.kontrowersjewpediatrii.pl\/2021\/program-konferencji\/#breadcrumb\",\"itemListElement\":[{\"@type\":\"ListItem\",\"position\":1,\"name\":\"Strona g\\u0142\\u00f3wna\",\"item\":\"https:\/\/www.kontrowersjewpediatrii.pl\/2021\/\"},{\"@type\":\"ListItem\",\"position\":2,\"name\":\"Program konferencji\"}]}]}<\/script>\n<!-- \/ Yoast SEO plugin. -->","yoast_head_json":{"description":"Najnowsze doniesienia naukowe i kontrowersyjne tematy dot. leczenia dzieci - to wszystko podczas konferencji dla pediatr\u00f3w i specjalist\u00f3w medycyny rodzinnej. Transmisja z Krakowa w pi\u0105tek 5 lutego 2021 r.","robots":{"index":"index","follow":"follow","max-snippet":"max-snippet:-1","max-image-preview":"max-image-preview:large","max-video-preview":"max-video-preview:-1"},"canonical":"https:\/\/www.kontrowersjewpediatrii.pl\/2021\/program-konferencji\/","og_locale":"pl_PL","og_type":"article","og_title":"Program konferencji | Kontrowersje w pediatrii","og_description":"Najnowsze doniesienia naukowe i kontrowersyjne tematy dot. leczenia dzieci - to wszystko podczas konferencji dla pediatr\u00f3w i specjalist\u00f3w medycyny rodzinnej. Transmisja z Krakowa w pi\u0105tek 5 lutego 2021 r.","og_url":"https:\/\/www.kontrowersjewpediatrii.pl\/2021\/program-konferencji\/","og_site_name":"Kontrowersje w pediatrii","article_modified_time":"2021-02-07T23:11:13+00:00","twitter_card":"summary_large_image","twitter_misc":{"Szacowany czas czytania":"1 minuta"},"schema":{"@context":"https:\/\/schema.org","@graph":[{"@type":"Organization","@id":"https:\/\/www.kontrowersjewpediatrii.pl\/2021\/#organization","name":"Kontrowersje w Pediatrii","url":"https:\/\/www.kontrowersjewpediatrii.pl\/2021\/","sameAs":[],"logo":{"@type":"ImageObject","@id":"https:\/\/www.kontrowersjewpediatrii.pl\/2021\/#logo","inLanguage":"pl-PL","url":"https:\/\/www.kontrowersjewpediatrii.pl\/2021\/wp-content\/uploads\/2019\/09\/logo.jpg","contentUrl":"https:\/\/www.kontrowersjewpediatrii.pl\/2021\/wp-content\/uploads\/2019\/09\/logo.jpg","width":512,"height":512,"caption":"Kontrowersje w Pediatrii"},"image":{"@id":"https:\/\/www.kontrowersjewpediatrii.pl\/2021\/#logo"}},{"@type":"WebSite","@id":"https:\/\/www.kontrowersjewpediatrii.pl\/2021\/#website","url":"https:\/\/www.kontrowersjewpediatrii.pl\/2021\/","name":"Kontrowersje w pediatrii","description":"XIII Konferencja dla Pediatr\u00f3w","publisher":{"@id":"https:\/\/www.kontrowersjewpediatrii.pl\/2021\/#organization"},"potentialAction":[{"@type":"SearchAction","target":{"@type":"EntryPoint","urlTemplate":"https:\/\/www.kontrowersjewpediatrii.pl\/2021\/?s={search_term_string}"},"query-input":"required name=search_term_string"}],"inLanguage":"pl-PL"},{"@type":"WebPage","@id":"https:\/\/www.kontrowersjewpediatrii.pl\/2021\/program-konferencji\/#webpage","url":"https:\/\/www.kontrowersjewpediatrii.pl\/2021\/program-konferencji\/","name":"Program konferencji | Kontrowersje w pediatrii","isPartOf":{"@id":"https:\/\/www.kontrowersjewpediatrii.pl\/2021\/#website"},"datePublished":"2018-11-14T08:53:47+00:00","dateModified":"2021-02-07T23:11:13+00:00","description":"Najnowsze doniesienia naukowe i kontrowersyjne tematy dot. leczenia dzieci - to wszystko podczas konferencji dla pediatr\u00f3w i specjalist\u00f3w medycyny rodzinnej. Transmisja z Krakowa w pi\u0105tek 5 lutego 2021 r.","breadcrumb":{"@id":"https:\/\/www.kontrowersjewpediatrii.pl\/2021\/program-konferencji\/#breadcrumb"},"inLanguage":"pl-PL","potentialAction":[{"@type":"ReadAction","target":["https:\/\/www.kontrowersjewpediatrii.pl\/2021\/program-konferencji\/"]}]},{"@type":"BreadcrumbList","@id":"https:\/\/www.kontrowersjewpediatrii.pl\/2021\/program-konferencji\/#breadcrumb","itemListElement":[{"@type":"ListItem","position":1,"name":"Strona g\u0142\u00f3wna","item":"https:\/\/www.kontrowersjewpediatrii.pl\/2021\/"},{"@type":"ListItem","position":2,"name":"Program konferencji"}]}]}},"_links":{"self":[{"href":"https:\/\/www.kontrowersjewpediatrii.pl\/2021\/wp-json\/wp\/v2\/pages\/40"}],"collection":[{"href":"https:\/\/www.kontrowersjewpediatrii.pl\/2021\/wp-json\/wp\/v2\/pages"}],"about":[{"href":"https:\/\/www.kontrowersjewpediatrii.pl\/2021\/wp-json\/wp\/v2\/types\/page"}],"author":[{"embeddable":true,"href":"https:\/\/www.kontrowersjewpediatrii.pl\/2021\/wp-json\/wp\/v2\/users\/1"}],"replies":[{"embeddable":true,"href":"https:\/\/www.kontrowersjewpediatrii.pl\/2021\/wp-json\/wp\/v2\/comments?post=40"}],"version-history":[{"count":167,"href":"https:\/\/www.kontrowersjewpediatrii.pl\/2021\/wp-json\/wp\/v2\/pages\/40\/revisions"}],"predecessor-version":[{"id":1503,"href":"https:\/\/www.kontrowersjewpediatrii.pl\/2021\/wp-json\/wp\/v2\/pages\/40\/revisions\/1503"}],"wp:attachment":[{"href":"https:\/\/www.kontrowersjewpediatrii.pl\/2021\/wp-json\/wp\/v2\/media?parent=40"}],"curies":[{"name":"wp","href":"https:\/\/api.w.org\/{rel}","templated":true}]}}