{"id":2286,"date":"2022-11-04T16:16:50","date_gmt":"2022-11-04T15:16:50","guid":{"rendered":"https:\/\/www.kontrowersjewpediatrii.pl\/2023\/?page_id=2286"},"modified":"2023-02-27T13:48:03","modified_gmt":"2023-02-27T12:48:03","slug":"warsztaty","status":"publish","type":"page","link":"https:\/\/www.kontrowersjewpediatrii.pl\/2023\/warsztaty\/","title":{"rendered":"Warsztaty dla pediatr\u00f3w"},"content":{"rendered":"<p>Zapraszamy do udzia\u0142u w warsztatach dla pediatr\u00f3w &#8211; do wyboru jeden z trzech praktycznych temat\u00f3w:<\/p>\n<ul>\n<li style=\"list-style-type: none;\">\n<ul>\n<li><strong>Zasady otoskopii u dzieci<\/strong><br \/>\n<em>prof. dr hab. Magdalena Dutch-Wicherek<\/em><\/li>\n<li><strong>Praktyczne aspekty wykonywania nebulizacji<\/strong><br \/>\n<em>prof. dr hab. Andrzej Emeryk<\/em><\/li>\n<li><strong>Interpretacja EKG<\/strong><br \/>\n<em>dr Maciej Pitak<\/em><\/li>\n<\/ul>\n<\/li>\n<\/ul>\n<p><strong>Wszystkie warsztaty odbywaj\u0105 si\u0119 w tym samym czasie (od 8:00 do 10:00), dlatego mo\u017cna wzi\u0105\u0107 udzia\u0142 wy\u0142\u0105cznie w jednym z nich.<\/strong><\/p>\n<p>Warsztaty przeznaczone s\u0105 dla Uczestnik\u00f3w bior\u0105cych udzia\u0142 w dwudniowej konferencji. Zaj\u0119cia odb\u0119d\u0105 si\u0119 pierwszego dnia konferencji (w pi\u0105tek, 24 lutego 2023 r.) w Auditorium Maximum przed rozpocz\u0119ciem wyk\u0142ad\u00f3w. Warunkiem uczestnictwa jest dokonanie zg\u0142oszenia w zak\u0142adce <a href=\"https:\/\/www.kontrowersjewpediatrii.pl\/2023\/rejestracja\/\">Rejestracja<\/a> i op\u0142acenie udzia\u0142u (w konferencji + warsztatach). <strong>Liczba miejsc jest ograniczona, <\/strong>decyduje kolejno\u015b\u0107 zg\u0142osze\u0144.<\/p>\n","protected":false},"excerpt":{"rendered":"<p>Zapraszamy do udzia\u0142u w warsztatach dla pediatr\u00f3w &#8211; do wyboru jeden z trzech praktycznych temat\u00f3w: Zasady otoskopii u dzieci prof. dr hab. Magdalena Dutch-Wicherek Praktyczne aspekty wykonywania nebulizacji prof. dr hab. Andrzej Emeryk Interpretacja EKG dr Maciej Pitak Wszystkie warsztaty odbywaj\u0105 si\u0119 w tym samym czasie (od 8:00 do 10:00), dlatego mo\u017cna wzi\u0105\u0107 udzia\u0142 wy\u0142\u0105cznie [&hellip;]<\/p>\n","protected":false},"author":1,"featured_media":0,"parent":0,"menu_order":0,"comment_status":"closed","ping_status":"closed","template":"template_page.php","meta":[],"acf":[],"yoast_head":"<!-- This site is optimized with the Yoast SEO plugin v19.4 - https:\/\/yoast.com\/wordpress\/plugins\/seo\/ -->\n<title>Warsztaty dla pediatr\u00f3w | Kontrowersje w pediatrii<\/title>\n<meta name=\"description\" content=\"Zapraszamy do udzia\u0142u w warsztatach dla pediatr\u00f3w z otoskopii, nebulizacji i analizy zapis\u00f3w EKG. Zapisz si\u0119, liczba miejsc ograniczona\" \/>\n<meta name=\"robots\" content=\"index, follow, max-snippet:-1, max-image-preview:large, max-video-preview:-1\" \/>\n<link rel=\"canonical\" href=\"https:\/\/www.kontrowersjewpediatrii.pl\/2023\/warsztaty\/\" \/>\n<meta property=\"og:locale\" content=\"pl_PL\" \/>\n<meta property=\"og:type\" content=\"article\" \/>\n<meta property=\"og:title\" content=\"Warsztaty dla pediatr\u00f3w | Kontrowersje w pediatrii\" \/>\n<meta property=\"og:description\" content=\"Zapraszamy do udzia\u0142u w warsztatach dla pediatr\u00f3w z otoskopii, nebulizacji i analizy zapis\u00f3w EKG. Zapisz si\u0119, liczba miejsc ograniczona\" \/>\n<meta property=\"og:url\" content=\"https:\/\/www.kontrowersjewpediatrii.pl\/2023\/warsztaty\/\" \/>\n<meta property=\"og:site_name\" content=\"Kontrowersje w pediatrii\" \/>\n<meta property=\"article:modified_time\" content=\"2023-02-27T12:48:03+00:00\" \/>\n<meta name=\"twitter:card\" content=\"summary_large_image\" \/>\n<meta name=\"twitter:label1\" content=\"Szacowany czas czytania\" \/>\n\t<meta name=\"twitter:data1\" content=\"1 minuta\" \/>\n<script type=\"application\/ld+json\" class=\"yoast-schema-graph\">{\"@context\":\"https:\/\/schema.org\",\"@graph\":[{\"@type\":\"Organization\",\"@id\":\"https:\/\/www.kontrowersjewpediatrii.pl\/2023\/#organization\",\"name\":\"Kontrowersje w Pediatrii\",\"url\":\"https:\/\/www.kontrowersjewpediatrii.pl\/2023\/\",\"sameAs\":[],\"logo\":{\"@type\":\"ImageObject\",\"inLanguage\":\"pl-PL\",\"@id\":\"https:\/\/www.kontrowersjewpediatrii.pl\/2023\/#\/schema\/logo\/image\/\",\"url\":\"https:\/\/www.kontrowersjewpediatrii.pl\/wp-content\/uploads\/2022\/11\/cropped-Projekt-bez-tytulu.png\",\"contentUrl\":\"https:\/\/www.kontrowersjewpediatrii.pl\/wp-content\/uploads\/2022\/11\/cropped-Projekt-bez-tytulu.png\",\"width\":512,\"height\":512,\"caption\":\"Kontrowersje w Pediatrii\"},\"image\":{\"@id\":\"https:\/\/www.kontrowersjewpediatrii.pl\/2023\/#\/schema\/logo\/image\/\"}},{\"@type\":\"WebSite\",\"@id\":\"https:\/\/www.kontrowersjewpediatrii.pl\/2023\/#website\",\"url\":\"https:\/\/www.kontrowersjewpediatrii.pl\/2023\/\",\"name\":\"Kontrowersje w pediatrii\",\"description\":\"XVI Konferencja dla Pediatr\u00f3w\",\"publisher\":{\"@id\":\"https:\/\/www.kontrowersjewpediatrii.pl\/2023\/#organization\"},\"potentialAction\":[{\"@type\":\"SearchAction\",\"target\":{\"@type\":\"EntryPoint\",\"urlTemplate\":\"https:\/\/www.kontrowersjewpediatrii.pl\/2023\/?s={search_term_string}\"},\"query-input\":\"required name=search_term_string\"}],\"inLanguage\":\"pl-PL\"},{\"@type\":\"WebPage\",\"@id\":\"https:\/\/www.kontrowersjewpediatrii.pl\/2023\/warsztaty\/\",\"url\":\"https:\/\/www.kontrowersjewpediatrii.pl\/2023\/warsztaty\/\",\"name\":\"Warsztaty dla pediatr\u00f3w | Kontrowersje w pediatrii\",\"isPartOf\":{\"@id\":\"https:\/\/www.kontrowersjewpediatrii.pl\/2023\/#website\"},\"datePublished\":\"2022-11-04T15:16:50+00:00\",\"dateModified\":\"2023-02-27T12:48:03+00:00\",\"description\":\"Zapraszamy do udzia\u0142u w warsztatach dla pediatr\u00f3w z otoskopii, nebulizacji i analizy zapis\u00f3w EKG. Zapisz si\u0119, liczba miejsc ograniczona\",\"breadcrumb\":{\"@id\":\"https:\/\/www.kontrowersjewpediatrii.pl\/2023\/warsztaty\/#breadcrumb\"},\"inLanguage\":\"pl-PL\",\"potentialAction\":[{\"@type\":\"ReadAction\",\"target\":[\"https:\/\/www.kontrowersjewpediatrii.pl\/2023\/warsztaty\/\"]}]},{\"@type\":\"BreadcrumbList\",\"@id\":\"https:\/\/www.kontrowersjewpediatrii.pl\/2023\/warsztaty\/#breadcrumb\",\"itemListElement\":[{\"@type\":\"ListItem\",\"position\":1,\"name\":\"Strona g\u0142\u00f3wna\",\"item\":\"https:\/\/www.kontrowersjewpediatrii.pl\/2023\/\"},{\"@type\":\"ListItem\",\"position\":2,\"name\":\"Warsztaty dla pediatr\u00f3w\"}]}]}<\/script>\n<!-- \/ Yoast SEO plugin. -->","yoast_head_json":{"title":"Warsztaty dla pediatr\u00f3w | Kontrowersje w pediatrii","description":"Zapraszamy do udzia\u0142u w warsztatach dla pediatr\u00f3w z otoskopii, nebulizacji i analizy zapis\u00f3w EKG. Zapisz si\u0119, liczba miejsc ograniczona","robots":{"index":"index","follow":"follow","max-snippet":"max-snippet:-1","max-image-preview":"max-image-preview:large","max-video-preview":"max-video-preview:-1"},"canonical":"https:\/\/www.kontrowersjewpediatrii.pl\/2023\/warsztaty\/","og_locale":"pl_PL","og_type":"article","og_title":"Warsztaty dla pediatr\u00f3w | Kontrowersje w pediatrii","og_description":"Zapraszamy do udzia\u0142u w warsztatach dla pediatr\u00f3w z otoskopii, nebulizacji i analizy zapis\u00f3w EKG. Zapisz si\u0119, liczba miejsc ograniczona","og_url":"https:\/\/www.kontrowersjewpediatrii.pl\/2023\/warsztaty\/","og_site_name":"Kontrowersje w pediatrii","article_modified_time":"2023-02-27T12:48:03+00:00","twitter_card":"summary_large_image","twitter_misc":{"Szacowany czas czytania":"1 minuta"},"schema":{"@context":"https:\/\/schema.org","@graph":[{"@type":"Organization","@id":"https:\/\/www.kontrowersjewpediatrii.pl\/2023\/#organization","name":"Kontrowersje w Pediatrii","url":"https:\/\/www.kontrowersjewpediatrii.pl\/2023\/","sameAs":[],"logo":{"@type":"ImageObject","inLanguage":"pl-PL","@id":"https:\/\/www.kontrowersjewpediatrii.pl\/2023\/#\/schema\/logo\/image\/","url":"https:\/\/www.kontrowersjewpediatrii.pl\/wp-content\/uploads\/2022\/11\/cropped-Projekt-bez-tytulu.png","contentUrl":"https:\/\/www.kontrowersjewpediatrii.pl\/wp-content\/uploads\/2022\/11\/cropped-Projekt-bez-tytulu.png","width":512,"height":512,"caption":"Kontrowersje w Pediatrii"},"image":{"@id":"https:\/\/www.kontrowersjewpediatrii.pl\/2023\/#\/schema\/logo\/image\/"}},{"@type":"WebSite","@id":"https:\/\/www.kontrowersjewpediatrii.pl\/2023\/#website","url":"https:\/\/www.kontrowersjewpediatrii.pl\/2023\/","name":"Kontrowersje w pediatrii","description":"XVI Konferencja dla Pediatr\u00f3w","publisher":{"@id":"https:\/\/www.kontrowersjewpediatrii.pl\/2023\/#organization"},"potentialAction":[{"@type":"SearchAction","target":{"@type":"EntryPoint","urlTemplate":"https:\/\/www.kontrowersjewpediatrii.pl\/2023\/?s={search_term_string}"},"query-input":"required name=search_term_string"}],"inLanguage":"pl-PL"},{"@type":"WebPage","@id":"https:\/\/www.kontrowersjewpediatrii.pl\/2023\/warsztaty\/","url":"https:\/\/www.kontrowersjewpediatrii.pl\/2023\/warsztaty\/","name":"Warsztaty dla pediatr\u00f3w | Kontrowersje w pediatrii","isPartOf":{"@id":"https:\/\/www.kontrowersjewpediatrii.pl\/2023\/#website"},"datePublished":"2022-11-04T15:16:50+00:00","dateModified":"2023-02-27T12:48:03+00:00","description":"Zapraszamy do udzia\u0142u w warsztatach dla pediatr\u00f3w z otoskopii, nebulizacji i analizy zapis\u00f3w EKG. Zapisz si\u0119, liczba miejsc ograniczona","breadcrumb":{"@id":"https:\/\/www.kontrowersjewpediatrii.pl\/2023\/warsztaty\/#breadcrumb"},"inLanguage":"pl-PL","potentialAction":[{"@type":"ReadAction","target":["https:\/\/www.kontrowersjewpediatrii.pl\/2023\/warsztaty\/"]}]},{"@type":"BreadcrumbList","@id":"https:\/\/www.kontrowersjewpediatrii.pl\/2023\/warsztaty\/#breadcrumb","itemListElement":[{"@type":"ListItem","position":1,"name":"Strona g\u0142\u00f3wna","item":"https:\/\/www.kontrowersjewpediatrii.pl\/2023\/"},{"@type":"ListItem","position":2,"name":"Warsztaty dla pediatr\u00f3w"}]}]}},"_links":{"self":[{"href":"https:\/\/www.kontrowersjewpediatrii.pl\/2023\/wp-json\/wp\/v2\/pages\/2286"}],"collection":[{"href":"https:\/\/www.kontrowersjewpediatrii.pl\/2023\/wp-json\/wp\/v2\/pages"}],"about":[{"href":"https:\/\/www.kontrowersjewpediatrii.pl\/2023\/wp-json\/wp\/v2\/types\/page"}],"author":[{"embeddable":true,"href":"https:\/\/www.kontrowersjewpediatrii.pl\/2023\/wp-json\/wp\/v2\/users\/1"}],"replies":[{"embeddable":true,"href":"https:\/\/www.kontrowersjewpediatrii.pl\/2023\/wp-json\/wp\/v2\/comments?post=2286"}],"version-history":[{"count":18,"href":"https:\/\/www.kontrowersjewpediatrii.pl\/2023\/wp-json\/wp\/v2\/pages\/2286\/revisions"}],"predecessor-version":[{"id":3158,"href":"https:\/\/www.kontrowersjewpediatrii.pl\/2023\/wp-json\/wp\/v2\/pages\/2286\/revisions\/3158"}],"wp:attachment":[{"href":"https:\/\/www.kontrowersjewpediatrii.pl\/2023\/wp-json\/wp\/v2\/media?parent=2286"}],"curies":[{"name":"wp","href":"https:\/\/api.w.org\/{rel}","templated":true}]}}