{"id":43,"date":"2018-11-14T09:54:11","date_gmt":"2018-11-14T08:54:11","guid":{"rendered":"https:\/\/www.kontrowersjewpediatrii.pl\/2023\/?page_id=43"},"modified":"2023-02-16T22:28:42","modified_gmt":"2023-02-16T21:28:42","slug":"komitety","status":"publish","type":"page","link":"https:\/\/www.kontrowersjewpediatrii.pl\/2023\/komitety\/","title":{"rendered":"Komitet Naukowy"},"content":{"rendered":"<p><strong>Przewodnicz\u0105cy:<\/strong><\/p>\n<p>prof. dr hab. Przemko Kwinta<\/p>\n<p><strong>Cz\u0142onkowie:<\/strong><\/p>\n<p>prof. dr hab. Wojciech Cichy<br \/>\nprof. dr hab. Bo\u017cena Cukrowska<br \/>\nprof. dr hab. Dorota Dro\u017cd\u017c<br \/>\nprof. dr hab. Magdalena Dutsch\u2013Wicherek<br \/>\nprof. dr hab. Andrzej Emeryk<br \/>\nprof. dr hab. Barbara J\u00f3zefik<br \/>\nprof. dr hab. Stanis\u0142aw Kwiatkowski<br \/>\nprof. dr hab. Aleksandra Lesiak<br \/>\nprof. dr hab. Grzegorz Lis<br \/>\nprof. dr hab. Jerzy Su\u0142ko<br \/>\ndr hab. Hanna Czajka, prof. UR<br \/>\ndr hab. Maciej Pilecki, prof. UJ<br \/>\ndr hab. Tomasz Szczapa, prof. UMP<br \/>\ndr hab. Szymon Skocze\u0144, prof. UJ<br \/>\ndr hab. Magdalena Trzeciak, prof. uczelni<br \/>\ndr hab. Ma\u0142gorzata W\u00f3jcik, prof. UJ<br \/>\ndr hab. Ireneusz Bielecki<br \/>\ndr Anna Maria Ambroziak<br \/>\ndr Agnieszka Kozio\u0142\u2013Kozakowska<br \/>\ndr Maciej Pitak<br \/>\ndr Izabela Szymo\u0144ska<br \/>\ndr Anna Turska-Kmie\u0107<br \/>\nlek. Karina Polak<br \/>\nlek. Ewa Rajska<br \/>\nmgr Romana Lewi\u0144ska<\/p>\n","protected":false},"excerpt":{"rendered":"<p>Przewodnicz\u0105cy: prof. dr hab. Przemko Kwinta Cz\u0142onkowie: prof. dr hab. Wojciech Cichy prof. dr hab. Bo\u017cena Cukrowska prof. dr hab. Dorota Dro\u017cd\u017c prof. dr hab. Magdalena Dutsch\u2013Wicherek prof. dr hab. Andrzej Emeryk prof. dr hab. Barbara J\u00f3zefik prof. dr hab. Stanis\u0142aw Kwiatkowski prof. dr hab. Aleksandra Lesiak prof. dr hab. Grzegorz Lis prof. dr hab. [&hellip;]<\/p>\n","protected":false},"author":1,"featured_media":0,"parent":0,"menu_order":0,"comment_status":"closed","ping_status":"closed","template":"template_page.php","meta":[],"acf":[],"yoast_head":"<!-- This site is optimized with the Yoast SEO plugin v19.4 - https:\/\/yoast.com\/wordpress\/plugins\/seo\/ -->\n<title>Komitet Naukowy | Kontrowersje w pediatrii<\/title>\n<meta name=\"description\" content=\"Komitet Naukowy sk\u0142ada si\u0119 z wybitnych specjalist\u00f3w z ca\u0142ej Polski, kt\u00f3rzy z przyjemno\u015bci\u0105 przyj\u0119li zaproszenie do udzia\u0142u w Konferencji.\" \/>\n<meta name=\"robots\" content=\"index, follow, max-snippet:-1, max-image-preview:large, max-video-preview:-1\" \/>\n<link rel=\"canonical\" href=\"https:\/\/www.kontrowersjewpediatrii.pl\/2023\/komitety\/\" \/>\n<meta property=\"og:locale\" content=\"pl_PL\" \/>\n<meta property=\"og:type\" content=\"article\" \/>\n<meta property=\"og:title\" content=\"Komitet Naukowy | Kontrowersje w pediatrii\" \/>\n<meta property=\"og:description\" content=\"Komitet Naukowy sk\u0142ada si\u0119 z wybitnych specjalist\u00f3w z ca\u0142ej Polski, kt\u00f3rzy z przyjemno\u015bci\u0105 przyj\u0119li zaproszenie do udzia\u0142u w Konferencji.\" \/>\n<meta property=\"og:url\" content=\"https:\/\/www.kontrowersjewpediatrii.pl\/2023\/komitety\/\" \/>\n<meta property=\"og:site_name\" content=\"Kontrowersje w pediatrii\" \/>\n<meta property=\"article:modified_time\" content=\"2023-02-16T21:28:42+00:00\" \/>\n<meta name=\"twitter:card\" content=\"summary_large_image\" \/>\n<meta name=\"twitter:label1\" content=\"Szacowany czas czytania\" \/>\n\t<meta name=\"twitter:data1\" content=\"1 minuta\" \/>\n<script type=\"application\/ld+json\" class=\"yoast-schema-graph\">{\"@context\":\"https:\/\/schema.org\",\"@graph\":[{\"@type\":\"Organization\",\"@id\":\"https:\/\/www.kontrowersjewpediatrii.pl\/2023\/#organization\",\"name\":\"Kontrowersje w Pediatrii\",\"url\":\"https:\/\/www.kontrowersjewpediatrii.pl\/2023\/\",\"sameAs\":[],\"logo\":{\"@type\":\"ImageObject\",\"inLanguage\":\"pl-PL\",\"@id\":\"https:\/\/www.kontrowersjewpediatrii.pl\/2023\/#\/schema\/logo\/image\/\",\"url\":\"https:\/\/www.kontrowersjewpediatrii.pl\/wp-content\/uploads\/2022\/11\/cropped-Projekt-bez-tytulu.png\",\"contentUrl\":\"https:\/\/www.kontrowersjewpediatrii.pl\/wp-content\/uploads\/2022\/11\/cropped-Projekt-bez-tytulu.png\",\"width\":512,\"height\":512,\"caption\":\"Kontrowersje w Pediatrii\"},\"image\":{\"@id\":\"https:\/\/www.kontrowersjewpediatrii.pl\/2023\/#\/schema\/logo\/image\/\"}},{\"@type\":\"WebSite\",\"@id\":\"https:\/\/www.kontrowersjewpediatrii.pl\/2023\/#website\",\"url\":\"https:\/\/www.kontrowersjewpediatrii.pl\/2023\/\",\"name\":\"Kontrowersje w pediatrii\",\"description\":\"XVI Konferencja dla Pediatr\u00f3w\",\"publisher\":{\"@id\":\"https:\/\/www.kontrowersjewpediatrii.pl\/2023\/#organization\"},\"potentialAction\":[{\"@type\":\"SearchAction\",\"target\":{\"@type\":\"EntryPoint\",\"urlTemplate\":\"https:\/\/www.kontrowersjewpediatrii.pl\/2023\/?s={search_term_string}\"},\"query-input\":\"required name=search_term_string\"}],\"inLanguage\":\"pl-PL\"},{\"@type\":\"WebPage\",\"@id\":\"https:\/\/www.kontrowersjewpediatrii.pl\/2023\/komitety\/\",\"url\":\"https:\/\/www.kontrowersjewpediatrii.pl\/2023\/komitety\/\",\"name\":\"Komitet Naukowy | Kontrowersje w pediatrii\",\"isPartOf\":{\"@id\":\"https:\/\/www.kontrowersjewpediatrii.pl\/2023\/#website\"},\"datePublished\":\"2018-11-14T08:54:11+00:00\",\"dateModified\":\"2023-02-16T21:28:42+00:00\",\"description\":\"Komitet Naukowy sk\u0142ada si\u0119 z wybitnych specjalist\u00f3w z ca\u0142ej Polski, kt\u00f3rzy z przyjemno\u015bci\u0105 przyj\u0119li zaproszenie do udzia\u0142u w Konferencji.\",\"breadcrumb\":{\"@id\":\"https:\/\/www.kontrowersjewpediatrii.pl\/2023\/komitety\/#breadcrumb\"},\"inLanguage\":\"pl-PL\",\"potentialAction\":[{\"@type\":\"ReadAction\",\"target\":[\"https:\/\/www.kontrowersjewpediatrii.pl\/2023\/komitety\/\"]}]},{\"@type\":\"BreadcrumbList\",\"@id\":\"https:\/\/www.kontrowersjewpediatrii.pl\/2023\/komitety\/#breadcrumb\",\"itemListElement\":[{\"@type\":\"ListItem\",\"position\":1,\"name\":\"Strona g\u0142\u00f3wna\",\"item\":\"https:\/\/www.kontrowersjewpediatrii.pl\/2023\/\"},{\"@type\":\"ListItem\",\"position\":2,\"name\":\"Komitet Naukowy\"}]}]}<\/script>\n<!-- \/ Yoast SEO plugin. -->","yoast_head_json":{"title":"Komitet Naukowy | Kontrowersje w pediatrii","description":"Komitet Naukowy sk\u0142ada si\u0119 z wybitnych specjalist\u00f3w z ca\u0142ej Polski, kt\u00f3rzy z przyjemno\u015bci\u0105 przyj\u0119li zaproszenie do udzia\u0142u w Konferencji.","robots":{"index":"index","follow":"follow","max-snippet":"max-snippet:-1","max-image-preview":"max-image-preview:large","max-video-preview":"max-video-preview:-1"},"canonical":"https:\/\/www.kontrowersjewpediatrii.pl\/2023\/komitety\/","og_locale":"pl_PL","og_type":"article","og_title":"Komitet Naukowy | Kontrowersje w pediatrii","og_description":"Komitet Naukowy sk\u0142ada si\u0119 z wybitnych specjalist\u00f3w z ca\u0142ej Polski, kt\u00f3rzy z przyjemno\u015bci\u0105 przyj\u0119li zaproszenie do udzia\u0142u w Konferencji.","og_url":"https:\/\/www.kontrowersjewpediatrii.pl\/2023\/komitety\/","og_site_name":"Kontrowersje w pediatrii","article_modified_time":"2023-02-16T21:28:42+00:00","twitter_card":"summary_large_image","twitter_misc":{"Szacowany czas czytania":"1 minuta"},"schema":{"@context":"https:\/\/schema.org","@graph":[{"@type":"Organization","@id":"https:\/\/www.kontrowersjewpediatrii.pl\/2023\/#organization","name":"Kontrowersje w Pediatrii","url":"https:\/\/www.kontrowersjewpediatrii.pl\/2023\/","sameAs":[],"logo":{"@type":"ImageObject","inLanguage":"pl-PL","@id":"https:\/\/www.kontrowersjewpediatrii.pl\/2023\/#\/schema\/logo\/image\/","url":"https:\/\/www.kontrowersjewpediatrii.pl\/wp-content\/uploads\/2022\/11\/cropped-Projekt-bez-tytulu.png","contentUrl":"https:\/\/www.kontrowersjewpediatrii.pl\/wp-content\/uploads\/2022\/11\/cropped-Projekt-bez-tytulu.png","width":512,"height":512,"caption":"Kontrowersje w Pediatrii"},"image":{"@id":"https:\/\/www.kontrowersjewpediatrii.pl\/2023\/#\/schema\/logo\/image\/"}},{"@type":"WebSite","@id":"https:\/\/www.kontrowersjewpediatrii.pl\/2023\/#website","url":"https:\/\/www.kontrowersjewpediatrii.pl\/2023\/","name":"Kontrowersje w pediatrii","description":"XVI Konferencja dla Pediatr\u00f3w","publisher":{"@id":"https:\/\/www.kontrowersjewpediatrii.pl\/2023\/#organization"},"potentialAction":[{"@type":"SearchAction","target":{"@type":"EntryPoint","urlTemplate":"https:\/\/www.kontrowersjewpediatrii.pl\/2023\/?s={search_term_string}"},"query-input":"required name=search_term_string"}],"inLanguage":"pl-PL"},{"@type":"WebPage","@id":"https:\/\/www.kontrowersjewpediatrii.pl\/2023\/komitety\/","url":"https:\/\/www.kontrowersjewpediatrii.pl\/2023\/komitety\/","name":"Komitet Naukowy | Kontrowersje w pediatrii","isPartOf":{"@id":"https:\/\/www.kontrowersjewpediatrii.pl\/2023\/#website"},"datePublished":"2018-11-14T08:54:11+00:00","dateModified":"2023-02-16T21:28:42+00:00","description":"Komitet Naukowy sk\u0142ada si\u0119 z wybitnych specjalist\u00f3w z ca\u0142ej Polski, kt\u00f3rzy z przyjemno\u015bci\u0105 przyj\u0119li zaproszenie do udzia\u0142u w Konferencji.","breadcrumb":{"@id":"https:\/\/www.kontrowersjewpediatrii.pl\/2023\/komitety\/#breadcrumb"},"inLanguage":"pl-PL","potentialAction":[{"@type":"ReadAction","target":["https:\/\/www.kontrowersjewpediatrii.pl\/2023\/komitety\/"]}]},{"@type":"BreadcrumbList","@id":"https:\/\/www.kontrowersjewpediatrii.pl\/2023\/komitety\/#breadcrumb","itemListElement":[{"@type":"ListItem","position":1,"name":"Strona g\u0142\u00f3wna","item":"https:\/\/www.kontrowersjewpediatrii.pl\/2023\/"},{"@type":"ListItem","position":2,"name":"Komitet Naukowy"}]}]}},"_links":{"self":[{"href":"https:\/\/www.kontrowersjewpediatrii.pl\/2023\/wp-json\/wp\/v2\/pages\/43"}],"collection":[{"href":"https:\/\/www.kontrowersjewpediatrii.pl\/2023\/wp-json\/wp\/v2\/pages"}],"about":[{"href":"https:\/\/www.kontrowersjewpediatrii.pl\/2023\/wp-json\/wp\/v2\/types\/page"}],"author":[{"embeddable":true,"href":"https:\/\/www.kontrowersjewpediatrii.pl\/2023\/wp-json\/wp\/v2\/users\/1"}],"replies":[{"embeddable":true,"href":"https:\/\/www.kontrowersjewpediatrii.pl\/2023\/wp-json\/wp\/v2\/comments?post=43"}],"version-history":[{"count":35,"href":"https:\/\/www.kontrowersjewpediatrii.pl\/2023\/wp-json\/wp\/v2\/pages\/43\/revisions"}],"predecessor-version":[{"id":2879,"href":"https:\/\/www.kontrowersjewpediatrii.pl\/2023\/wp-json\/wp\/v2\/pages\/43\/revisions\/2879"}],"wp:attachment":[{"href":"https:\/\/www.kontrowersjewpediatrii.pl\/2023\/wp-json\/wp\/v2\/media?parent=43"}],"curies":[{"name":"wp","href":"https:\/\/api.w.org\/{rel}","templated":true}]}}